+ 35 = 0, -4*w + 5*i = -19. What is the remainder when t is divided by w?
4
Let h be (-2)/9 + (-632)/(-9). Let t be -15 + 12 + 45 + -1. Let u = h - t. Calculate the remainder when u is divided by 15.
14
Let p be 2/(0 - 2) + 24. Let z = 38 - p. Calculate the remainder when 44 is divided by z.
14
Let w be 15 + 2*3/6. Let c = w + -42. Let n = c + 72. Calculate the remainder when n is divided by 16.
14
Let l(q) = -q**2 - 9*q - 9. Suppose 0 = -2*j + 2*h - h + 75, 2*j + h - 65 = 0. Calculate the remainder when j is divided by l(-6).
8
Let u be ((-84)/16)/((-6)/32). Let a = u + -14. Calculate the remainder when a is divided by 5.
4
Suppose -14 - 2 = -4*r. Suppose 0 = 3*l - 0*k + 5*k - 30, -5*l = r*k - 50. Suppose l - 47 = -d. Calculate the remainder when d is divided by 13.
11
Let u(s) = -3*s - 14. Calculate the remainder when 18 is divided by u(-6).
2
Suppose 8*y = -5*b + 3*y - 10, -3*y = -9. Let t(n) = -5*n. Let h = 35 + -21. What is the remainder when t(b) is divided by h?
11
Let j(n) = -n + 2. Let g be j(-3). Suppose 6 - 81 = -g*k. Calculate the remainder when k is divided by 9.
6
Let a(k) = 5*k. Calculate the remainder when 5 - 4/(4/(-2)) is divided by a(1).
2
Let q(g) = 4*g**2 - 16*g - 3. Suppose -2*i - 3*x = 3*i - 51, 5*i - 2*x - 66 = 0. What is the remainder when q(6) is divided by i?
9
Let n(i) = i**2 - 9*i - 8. What is the remainder when 371 is divided by n(14)?
61
Suppose 2*x - 244 = -4. Calculate the remainder when x is divided by 61.
59
Let j = -109 - -190. What is the remainder when j is divided by 21?
18
Let t = 21 + 0. Suppose -m + 43 = 2*i - 4*i, 0 = 4*m + 3*i - 194. Let g = -7 + m. What is the remainder when g is divided by t?
19
Suppose z + 20 = 2*t - 0*z, 0 = 2*t - 3*z - 24. What is the remainder when t is divided by 4?
1
Let q = 1 - 10. Calculate the remainder when -6*(39/q - 0) is divided by (-8)/(-36) + (-248)/(-18).
12
Suppose 5*v = u + 59, -4*v = -3*u - 13 - 219. Let f = -49 - u. Calculate the remainder when f is divided by 9.
8
Suppose 3*a + 11 = 3*q + 4*a, -5*a = -5*q + 45. Suppose 2*u = -n + 53, 2*u + u + q*n = 90. Let g = 18 + -11. Calculate the remainder when u is divided by g.
4
Let j = 25 + -15. Let c = 0 + j. Let n(x) = x**2 + 6*x + 4. What is the remainder when c is divided by n(-6)?
2
Let g = -1 + 13. Suppose -124 = 4*x - 8*x. Calculate the remainder when x is divided by 0 - (1 + 0 - g).
9
Suppose 32*w - 90 = 27*w. Calculate the remainder when 28 is divided by w.
10
Suppose -4*n + 60 = -12. Calculate the remainder when n is divided by 11.
7
Suppose 3*a + 2*n = 12, 4*a - 3*a - 4 = 2*n. Suppose -a*b + 96 + 20 = 0. Suppose 2*s - b = 1. Calculate the remainder when 28 is divided by s.
13
Let i(u) = -2*u + 4. Let t = 4 + -7. Let x be i(t). Suppose 5*v - f = x, -v + 3*f = v - 4. Calculate the remainder when 4 is divided by v.
0
Let n(m) = -3*m - 7. Calculate the remainder when 20 is divided by n(-5).
4
Let d = 61 + -39. Calculate the remainder when d is divided by 6.
4
Let d = -2 - -4. Suppose -d = 2*g, 5*s - 4*g + 10 - 44 = 0. What is the remainder when 19 is divided by -1 + 10 + (4 - s)?
5
Let j = -32 - -41. Calculate the remainder when 16 is divided by j.
7
Let a(c) = 7*c**2 + c. Calculate the remainder when 7 is divided by a(-1).
1
Let a(o) = -14*o. Let i be a(-3). Suppose 53 = 3*f + 4*g + 11, 3*f + g = i. Calculate the remainder when 39 is divided by f.
11
Let x = -166 + 183. What is the remainder when 66 is divided by x?
15
Suppose 6*i = 3 + 75. Calculate the remainder when 139 is divided by i.
9
Suppose 0 = -f + 14 - 1. Suppose s + 3*u = 3*s - 67, 5*s = 5*u + 175. Calculate the remainder when s is divided by f.
12
Let h be (3 + -2)*(-9)/(-3). Suppose -h*f - 21 + 78 = 0. Calculate the remainder when f is divided by 10.
9
Let u = -19 - -14. Let d = u + 20. Calculate the remainder when 27 is divided by d.
12
Suppose 0 = 3*s - s + 3*p - 34, 3*p + 8 = s. Calculate the remainder when s is divided by 10 - 8 - 3*-2.
6
Calculate the remainder when (-2)/3 - (1038/(-18) + 1) is divided by 12.
8
Let h = -17 + -13. Let c = -17 - h. Calculate the remainder when c is divided by 7.
6
Let u(v) = -v + 3. Let i be u(-5). Suppose i = 25*z - 24*z. Calculate the remainder when z is divided by 5.
3
Suppose 0 = 7*n - 6*n - 3. Let d = n + 12. Let j(f) = 3*f**2 + 7*f + 3. What is the remainder when j(-5) is divided by d?
13
Let j = 2 + -1. Calculate the remainder when 8 is divided by j*6 - (-2 - -3).
3
Let k(g) = -g**3 + 5*g**2 + 7*g - 3. Let d be 2 - (2*-1)/1. Suppose 0 = -z - z + d. Calculate the remainder when k(6) is divided by z.
1
Suppose 3*o = 2*o - 5, l - 2*o = 17. Calculate the remainder when (6/5)/((-12)/(-200)) is divided by l.
6
Let n be (2 - 2) + (-7 - -2). Let w(x) = -3*x + 4. Let v(c) = 4*c - 2. What is the remainder when w(n) is divided by v(3)?
9
Suppose -3*h + h = -2*q + 12, 3*h = -5*q + 62. Let i(l) = -13*l. Let t be i(1). Let g = q - t. Calculate the remainder when g is divided by 8.
7
Let q = -4 - -18. Let r(p) = 4*p. Let k(i) = -i**2 - 7*i + 2. Let c be k(-7). Calculate the remainder when q is divided by r(c).
6
Let w(q) = q**3 - 17*q**2 - 33*q - 28. What is the remainder when w(19) is divided by 24?
19
Suppose -2*d + 56 = 14. What is the remainder when 81 is divided by d?
18
Let n(r) = -2*r**3 + r**2 + 13*r + 3. Suppose -3*j + o = -10 - 28, 2*j = 5*o + 8. Calculate the remainder when n(-3) is divided by j.
13
Suppose 3*y - v - 86 = 0, 6*v - 7*v = -1. What is the remainder when y is divided by 4?
1
Let h(g) = g**3 - 6*g**2 - 7*g + 4. Suppose -q = 5*o + 4*q + 10, 0 = -5*o + 2*q + 18. Suppose -m + 0*m = -o. What is the remainder when h(7) is divided by m?
0
Let p = -5 - -13. Let w be (-1)/(-1) + (4 - -2). Let t = -2 + w. What is the remainder when p is divided by t?
3
Let r(k) = k**3 - k**2 - 3*k + 8. What is the remainder when r(4) is divided by 16?
12
Suppose 2 = -3*b + 5, 0 = -2*l - 5*b + 695. Suppose 0 = -4*j - f - 227 + 700, -3*j - 4*f = -l. What is the remainder when j is divided by 30?
29
Let m(o) = -o**3 + 7*o**2 + 8*o. Let s be m(8). Suppose s = 6*c - 5*c - 14. Calculate the remainder when 68 is divided by c.
12
Let b = -46 + 27. Let m = -13 - b. Let i(h) = 2*h + 1. What is the remainder when i(5) is divided by m?
5
Let g be 9 + -1 + -1 + -2. What is the remainder when 6 is divided by 0/(2 - g) - -2?
0
Let b(z) = z**2 + 7*z + 7. Let l be b(-8). Calculate the remainder when 28 is divided by (l/(-2))/(15/(-20)).
8
Suppose -10 - 2 = 4*q, 2*a + 2*q = 4. Suppose -a*s = -2*x - x - 17, 4*x = s. What is the remainder when 37 is divided by (x + 1)/(10/65)?
11
Let r(s) = s + 19. Calculate the remainder when -1*1*(-42 + 5) is divided by r(0).
18
Let a = -22 - -70. Calculate the remainder when a is divided by 13.
9
Let q(t) = -2*t - 21. Suppose -3*y - 2*j + 189 = 0, 3*y = 2*y + j + 68. What is the remainder when y is divided by q(-19)?
14
Suppose 25 = p - 8. What is the remainder when p is divided by 9?
6
Suppose -4*x = x - 55. What is the remainder when x is divided by ((-6)/5)/((-2)/10)?
5
Let u(d) = 4*d - 1. Let i be 4/14 - 141/(-21). Calculate the remainder when u(i) is divided by 14.
13
Let r = -24 + 28. Suppose r*a = 54 + 70. What is the remainder when 121 is divided by a?
28
Suppose 0 = 2*l - 34. Suppose 6*b - 8 = 2*b. Suppose -2*x - 29 = y - 162, -b*x - 4*y + 142 = 0. What is the remainder when x is divided by l?
14
Let h(o) = -o**3 - 10*o**2 - 12*o - 2. What is the remainder when h(-9) is divided by 10?
5
Suppose 5*z + 70 = -2*d, d = 2*d - 3*z + 24. Let q = 50 + d. Suppose -2*j + q = 2*j. Calculate the remainder when 9 is divided by j.
4
Let a = 153 + -140. What is the remainder when 139 is divided by a?
9
Let y be 4/(-10) + 5/((-100)/(-288)). Let v be 202/8 + 2/(-8). Suppose d + v = 2*f, f + d + 0*d - y = 0. Calculate the remainder when f is divided by 8.
5
Suppose 18 = -5*y + 23. Suppose -4*v = -3*v - 1. Let s(q) = 3*q. Calculate the remainder when s(v) is divided by y.
0
Suppose -4*n + 6*n - 32 = 0. Calculate the remainder when n is divided by 9.
7
Let d = 70 + -39. Let g(k) = 3*k - 4. Calculate the remainder when d is divided by g(5).
9
Let q(x) = x**3 - 8*x**2 + 7*x + 2. Let t be q(7). Suppose 4*u - 78 = -u + 4*y, 4*y - 48 = -2*u. What is the remainder when 3 - 8/t - -54 is divided by u?
17
Suppose 40 = 4